u - 2. Let r be t(-2). Suppose 365 = r*v + 125. Calculate the greatest common divisor of j and v.
5
Suppose -3*g = 3*p - 570, -g - 2*p + 182 = 3*p. Let j = -24 + 36. Calculate the highest common divisor of j and g.
12
Let h(t) = t**3 - 19*t**2 + 2*t - 20. Let q be h(19). What is the greatest common divisor of q and 102?
6
Let x(c) = c**3 + 12*c**2 - 13*c + 2. Let s be x(-13). Let l = 222 - 321. Let y be (-35)/(-11) + 18/l. What is the highest common divisor of s and y?
1
Let l(y) = 2*y**2 - 25*y + 98. Let d be l(4). What is the highest common factor of d and 1240?
10
Suppose -5*i = d - 30, -174 = -4*d - 0*i - 2*i. Suppose g + 10 = 15. Calculate the highest common factor of d and g.
5
Let o be 0 - (8 + -7 + -46). Calculate the highest common divisor of 27 and o.
9
Let q(d) = 13*d**2. Let f be q(1). Let g(m) = -m**2 + 12*m. Let k be g(f). Let x = -8 - k. Calculate the greatest common divisor of 50 and x.
5
Suppose 29 = 3*b - 37. Suppose -2*q + b = -0. What is the greatest common factor of 44 and q?
11
Suppose 2088 + 3687 = 77*a. What is the highest common factor of a and 250?
25
Suppose 2*i = -6*j + 2*j + 820, -4*j - i = -816. What is the greatest common divisor of j and 29?
29
Let f(c) be the first derivative of -c**3/3 + 15*c**2/2 + 10*c + 53. Let r be f(15). Calculate the greatest common divisor of r and 10.
10
Let y(i) = -33*i - 161. Let n be y(-6). What is the greatest common divisor of 1073 and n?
37
Suppose -5*s - 2*h = 2660, 5*s - 2*h + 2675 = -h. Let y be s/(-8) + 18/(-24). Calculate the highest common divisor of y and 22.
22
Suppose -3*v + 34 = -4*k, -4*k - 22 = -10*v + 9*v. Let u = -2 + 17. Calculate the highest common divisor of v and u.
3
Suppose 2*i + 4*z - 15 = 3*i, -3*z = -15. What is the highest common divisor of i and 300?
5
Let x(u) = -u**3 - 2*u**2 + 3*u + 14. Let l be x(-6). What is the greatest common divisor of 105 and l?
35
Let h = -554 - -561. Let q = -3 + 5. Suppose 3*f - 34 = -2*z, -2*f = z + q*z - 16. What is the highest common factor of f and h?
7
Let d be (-129)/(-27) + (-2)/(-9). Let q be (-210)/60*(-1 - d). What is the highest common factor of q and 231?
21
Let y = -54 - -76. Suppose -i + 12 + 22 = 4*f, -2*f + y = -2*i. Suppose o + 2*p = 7, -o - 5*p + 23 = 7. Calculate the greatest common factor of f and o.
1
Let x = 159 + -156. Calculate the greatest common factor of x and 4.
1
Suppose 7 = v + c - 3*c, -4*v + 5*c = -22. Suppose v*n + 4 = 34. Suppose -2904 - 8716 = -181*m + 8290. What is the highest common factor of n and m?
10
Let l = 20 + -19. Let x be (0 + l)*(-84)/(-6). Suppose -x = -5*j + 46. What is the greatest common factor of j and 12?
12
Let j(x) = -6*x**3 - 2*x**2 + 3*x + 1. Let d be j(-3). Let q be 2/(-5) - d/(-40). Let n be ((-1)/q)/(1/(-6)). Calculate the highest common divisor of 3 and n.
1
Suppose -30 = 8*l - 13*l. Calculate the greatest common factor of 4 and l.
2
Let s(b) = b**3 - 16*b**2 + 14*b - 32. Let z be s(16). What is the greatest common factor of z and 4?
4
Let p(g) = -g**3 + 11*g**2 + 2*g - 11. Let z = -13 + 24. Let i be p(z). What is the greatest common divisor of 1 and i?
1
Let w be (20 + -18)/(2/32). What is the greatest common factor of 368 and w?
16
Suppose -6 - 4 = -2*n. Suppose -5*s - n*i + 5 = 0, -5*s + 21 = -2*i - i. Suppose -b = -s*b + 238. Calculate the highest common divisor of 17 and b.
17
Let y(g) = g**2 + 7*g - 11. Let c be y(-9). Suppose 3*i = c*i - 80. Suppose 5*x - 34 = 16. What is the highest common factor of i and x?
10
Let p = 52 + -48. Suppose -z + p*z - 30 = 0. Calculate the highest common divisor of z and 90.
10
Let p be 73 + -5 + (2 - 5). What is the highest common factor of p and 585?
65
Let i be (13 + -55)*(-2 - (-3)/2). Calculate the highest common factor of i and 273.
21
Let o be 0 + -1 + (-5 - -1). Let b be (o - 1116/(-30)) + (-1)/5. What is the highest common factor of 48 and b?
16
Let v be (-1 - 1)*(-17 - 0). Let n be v/9 + 16/72. Suppose 0 = 2*o - 4, 5*c = n*c + 4*o + 2. What is the greatest common factor of 10 and c?
10
Let q be (14/4)/7*(-8)/(-1). Suppose -2*d - 4*i = -54, q*d - 2*i + 7*i - 105 = 0. Calculate the highest common factor of d and 25.
25
Let u = 7 - 0. Suppose -u*o = -6*o - 6. Suppose 3*q + 3 = o. What is the greatest common factor of 2 and q?
1
Let v(n) be the first derivative of n**2/2 + 20*n - 5. Let f be v(-18). What is the highest common factor of 3 and f?
1
Let m be ((-16)/(-1 + 5))/(-2). Let l be 251 + 2 + m/(-2). What is the highest common divisor of 28 and l?
28
Suppose 0*x = x - 6. Let z(w) be the first derivative of w**3/3 - 2*w**2 - 8*w + 5. Let h be z(x). Calculate the highest common factor of 36 and h.
4
Suppose 58*s = 10*s + 7920. Calculate the greatest common divisor of s and 66.
33
Let t = -84 + 84. Suppose t = -i + 19*i - 180. Calculate the greatest common factor of 70 and i.
10
Suppose -2*u = -0*u - 4. Suppose -5*z + 5*v = -50, u*z + v - 36 = -v. Calculate the highest common divisor of z and 2.
2
Let v = 39 - 33. Suppose -19 = -5*c - r, -5 = -v*c + 4*c - 3*r. What is the highest common divisor of c and 16?
4
Let g be (-354)/4*((-2)/(-3))/(-1). Let n = -50 + g. Calculate the greatest common factor of n and 18.
9
Let m = 1865 + -1787. What is the greatest common divisor of 6 and m?
6
Let u be ((-18)/5 - -4) + 2748/(-20). Let r = 152 + u. Let g = 11 - 6. Calculate the greatest common divisor of r and g.
5
Let y = 22 + -12. Let s = 996 + -956. Calculate the greatest common factor of y and s.
10
Let d be (-4)/((-10)/(-6) - 2). Suppose 5*a = -2*w, -a = 2*w - 2 - 6. Suppose -w*l + 3 = -12. What is the greatest common factor of d and l?
3
Suppose -4*d - 38 = 5*q - 6*q, 2*q - d = 55. What is the greatest common factor of 325 and q?
13
Suppose 12 = -4*l + 4*w, 2*w - 5 = 3. Let n be -4 - (-1 + -9)*l. Calculate the greatest common factor of 24 and n.
6
Let u(f) be the third derivative of -f**5/60 - f**4/8 + 4*f**3/3 - 7*f**2. Let k be u(-4). Suppose k*h + 8 = 36. What is the highest common factor of 7 and h?
7
Suppose -8*b = -5*b - 9. Suppose 0 = -2*z - 2*a + 3 + 1, -4 = -b*z - 5*a. What is the highest common factor of 15 and z?
3
Let u = -615 - -644. Calculate the greatest common factor of 261 and u.
29
Let l(n) = 2*n**3 - n**2 - 4*n + 9. Suppose -6*j = -30 + 6. Let d be l(j). What is the highest common divisor of 15 and d?
15
Let h = -17 - -37. Let g = -9 - h. Let m = -17 - g. What is the greatest common factor of m and 36?
12
Let c(k) = -63*k + 66. Let p be c(-7). What is the highest common divisor of p and 39?
39
Suppose 0 = 3*z - 4*c + 2*c - 40, 38 = 3*z - c. Let u be 100/z + (-4)/(-6). What is the highest common divisor of 36 and u?
9
Let t be -9*(-95)/(-5)*-2. What is the greatest common factor of 72 and t?
18
Let a(y) = -y**3 - 3*y**2 - 2*y - 7. Let l be a(-4). Suppose -m + 14 = 2*d + 3*m, 0 = -5*d - 4*m + l. Calculate the highest common divisor of 1 and d.
1
Suppose 2214 = -28*x + 6554. Calculate the greatest common factor of 744 and x.
31
Suppose -4*j + j = -18. Suppose j*d = 2*d + 2*y + 152, -3*d - 2*y + 128 = 0. Calculate the highest common divisor of d and 8.
8
Suppose -84 = -5*b + 6. Suppose 0 = 3*f - 53 + 41. Let z(h) = 4*h + 20. Let i be z(f). What is the greatest common factor of i and b?
18
Let b(v) = -107*v**3 + 2*v**2 - 3*v - 4. Let m be b(-1). What is the highest common factor of m and 20?
4
Let k be (-6)/(-27) + 150/54. Let p be -32*1/k*-3. What is the highest common divisor of p and 16?
16
Suppose c - 5*n - 26 = 109, -3*n - 653 = -5*c. What is the greatest common divisor of c and 10?
10
Suppose 183*u + 2002 = 190*u. Calculate the greatest common factor of 44 and u.
22
Let s(a) = 3*a**2 + 41*a - 27. Let h be s(-16). What is the greatest common divisor of 68 and h?
17
Suppose 0 = 3*d + 5*d - 8. Let f be ((-6)/(-10))/((-48)/(-45) - d). Calculate the greatest common divisor of f and 81.
9
Let i be (-7)/((-21)/18) + -4. Suppose -l + 5*l - 390 = i*d, 5*l - 495 = d. What is the highest common factor of 20 and l?
20
Let j(h) be the first derivative of h**2 + 9*h - 6. Let v be j(9). Suppose 5*m - v = -7. Calculate the highest common divisor of m and 4.
4
Suppose -3*j = 17 - 26. Suppose 0*n = j*n. Suppose -3*l - 4*i = -n*i - 48, i + 16 = l. What is the highest common factor of 8 and l?
8
Let u be 5/(-5)*-6 + 0. Let 